rue
Is 612618431 a composite number?
True
Is 48228056711 a composite number?
False
Is 15937783483 prime?
False
Is 12301666459 a composite number?
True
Is 21764765273 a composite number?
True
Is 64054504403 a prime number?
True
Is 44326977317 a prime number?
False
Is 93829873 composite?
True
Is 845350813 prime?
True
Is 1525708001 a composite number?
False
Is 2903914513 prime?
True
Is 1278457 a prime number?
False
Is 70110811097 a prime number?
False
Is 3908886769 prime?
True
Is 511544119 composite?
True
Is 1039131595 a composite number?
True
Is 2517680047 composite?
True
Is 185786850911 a prime number?
True
Is 38057362853 composite?
True
Is 24233617561 prime?
True
Is 347984954 a prime number?
False
Is 142587251 prime?
True
Is 26832672085 a prime number?
False
Is 426759964567 prime?
True
Is 7132748299 a composite number?
False
Is 993759449 a composite number?
False
Is 6146165689 prime?
False
Is 1566270527 prime?
False
Is 585353609 a composite number?
False
Is 5360834333 composite?
False
Is 2199960857 a prime number?
True
Is 308053079 composite?
False
Is 17210539859 composite?
True
Is 8407981207 a prime number?
True
Is 31365858659 prime?
True
Is 41538516593 prime?
False
Is 581927507 a composite number?
True
Is 5132652949 prime?
False
Is 3720298537 prime?
True
Is 43774704449 a composite number?
True
Is 1473551329 a composite number?
False
Is 4413453281 composite?
False
Is 8728923201 a composite number?
True
Is 11188277953 prime?
True
Is 3247052603 a prime number?
True
Is 3803134187 composite?
False
Is 5613929527 a prime number?
True
Is 67444381489 prime?
True
Is 19446299 composite?
False
Is 125955672151 prime?
False
Is 1804926823 composite?
True
Is 3277694491 prime?
False
Is 31084373657 composite?
True
Is 1067389171 a prime number?
False
Is 1830572287 a composite number?
True
Is 1082903807 a composite number?
False
Is 136578107 a composite number?
False
Is 30179665969 composite?
True
Is 113871257 a prime number?
False
Is 2921489657 a prime number?
True
Is 1806674801 a composite number?
False
Is 214743544501 a composite number?
False
Is 11353016863 prime?
False
Is 2489534737 prime?
True
Is 3074991473 composite?
True
Is 2163200621 a composite number?
False
Is 2594317423 prime?
True
Is 162309943 a composite number?
False
Is 195094517 composite?
True
Is 89953330997 prime?
True
Is 891564607 composite?
True
Is 449913097 a composite number?
True
Is 1301603449 a prime number?
True
Is 1236320807 composite?
True
Is 4134177809 prime?
True
Is 4995790939 composite?
False
Is 10332557854 composite?
True
Is 520548253 a prime number?
True
Is 43336829 a composite number?
False
Is 127161586021 a composite number?
True
Is 729355577 a composite number?
True
Is 6207916681 a composite number?
True
Is 530980019 prime?
False
Is 1250855689 composite?
True
Is 7767425111 composite?
True
Is 578466671 prime?
False
Is 23567126897 prime?
True
Is 1720899469 a composite number?
True
Is 164780611 a prime number?
True
Is 5943661943 a composite number?
True
Is 459962117 prime?
True
Is 8508862837 a prime number?
False
Is 247411596849 prime?
False
Is 733589431 composite?
True
Is 551500151 prime?
True
Is 408824321 composite?
False
Is 43706071 a prime number?
False
Is 145740131 a prime number?
True
Is 778824914693 a prime number?
False
Is 1963645763 a composite number?
True
Is 991288219 composite?
False
Is 3715708909 prime?
False
Is 16927351977 composite?
True
Is 58872832231 a prime number?
True
Is 679164791 prime?
False
Is 16770888721 prime?
True
Is 2374805893 a prime number?
False
Is 1154981059 a composite number?
True
Is 2856402673 a composite number?
False
Is 778259921 prime?
False
Is 8565376667 prime?
False
Is 14962459789 a composite number?
True
Is 306874849 composite?
False
Is 8007875989 a prime number?
False
Is 22443595399 a prime number?
False
Is 3529301203 a prime number?
False
Is 143141920055 a composite number?
True
Is 9730770611 a prime number?
False
Is 678188813 composite?
False
Is 248755981211 composite?
False
Is 6751673189 a prime number?
True
Is 6833487543 a composite number?
True
Is 26302567589 prime?
False
Is 24949918411 composite?
True
Is 1123168469 composite?
False
Is 1296078607 composite?
False
Is 34641521 composite?
True
Is 14588826977 a composite number?
True
Is 3100058191 a composite number?
True
Is 9528246709 composite?
False
Is 44146914027 a prime number?
False
Is 5160221558 a composite number?
True
Is 456476661609 a prime number?
False
Is 216084443459 prime?
True
Is 13462679 a prime number?
False
Is 27102097063 composite?
False
Is 5001404221 a composite number?
True
Is 956783177 prime?
False
Is 91166989 a prime number?
False
Is 72106187441 a composite number?
True
Is 846523591 a prime number?
False
Is 11266514551 a prime number?
False
Is 317385293 a composite number?
False
Is 23420259721 a composite number?
False
Is 34587869 a prime number?
True
Is 1362112817 a composite number?
True
Is 579245587 composite?
False
Is 2152801639 composite?
False
Is 36133097687 a composite number?
True
Is 18153553791 a composite number?
True
Is 927072221 composite?
False
Is 13531023193 prime?
True
Is 110384049337 a prime number?
False
Is 479221811 a prime number?
True
Is 361762486621 composite?
True
Is 38082162601 composite?
True
Is 375296773 a composite number?
True
Is 1069038881 a prime number?
True
Is 27091044521 prime?
False
Is 181168387513 a composite number?
True
Is 1390933399 prime?
False
Is 411315389 composite?
False
Is 1679480041 composite?
False
Is 5804796499 a prime number?
True
Is 3360300289 a composite number?
False
Is 236322003 a composite number?
True
Is 4185956587 composite?
True
Is 165214661 composite?
True
Is 1214975123 a prime number?
False
Is 4277562691 a composite number?
False
Is 25269872329 composite?
True
Is 432000607 composite?
False
Is 641628593 composite?
False
Is 668762681 composite?
False
Is 68445854071 prime?
False
Is 2804640169 composite?
False
Is 662482097 prime?
True
Is 20667851 a composite number?
True
Is 1948309423 prime?
False
Is 195246118811 a prime number?
True
Is 1550022449 prime?
True
Is 2025234949 composite?
False
Is 2893489213 a prime number?
False
Is 4467628093 composite?
True
Is 37298330521 a composite number?
True
Is 166806966679 a composite number?
False
Is 3158794322 a composite number?
True
Is 19050191 a prime number?
False
Is 123881610439 prime?
False
Is 486040507 prime?
True
Is 6981754849 composite?
True
Is 3620433113 prime?
False
Is 1348512041 a prime number?
True
Is 1716847001 a prime number?
True
Is 44856658459 a prime number?
False
Is 2778739543 a composite number?
True
Is 155550539 prime?
False
Is 250073537 composite?
True
Is 1617730351 a composite number?
False
Is 6986435783 composite?
False
Is 18177389981 composite?
True
Is 6931161293 a composite number?
True
Is 104649572413 composite?
False
Is 2877262849 a composite number?
True
Is 44280337313 composite?
False
Is 5998186043 composite?
True
Is 18885375857 a composite number?
True
Is 3815472706 composite?
True
Is 11470865533 prime?
False
Is 1193805521 composite?
False
Is 580778983 a composite number?
False
Is 408012877 a composite number?
True
Is 386911761 a composite number?
True
Is 114516242641 a composite number?
False
Is 16534383 prime?
False
Is 14809190951 a composite number?
False
Is 29750948587 a prime number?
False
Is 9519201619 composite?
False
Is 9355822337 composite?
False
Is 1211600779 prime?
False
Is 3428722009 a composite number?
False
Is 223595862671 a prime number?
True
Is 30373367 a composite number?
True
Is 96113250017 a prime number?
True
Is 1258481927 a prime number?
False
Is 9405564073 prime?
True
Is 14031404831 composite?
False
Is 25403972159 prime?
True
Is 16639798151 a composite number?
False
Is 10636203197 a composite number?
False
Is 101985734185 a composite number?
True
Is 41540699791 a composite number?
True
Is 108168113 composite?
True
Is 117640007917 composite?
False
Is 3965895469 prime?
True
Is 935115299 a composite number?
True
Is 61183878893 prime?
True
Is 30171558061 a prime number?
False
Is 397883183 prime?
False
Is 7672523 prime?
False
Is 2203602001 a composite number?
True
Is 12778199257 a prime number?
False
Is 2004341029 a prime number?
False
Is 642429302 a composite number?
True
Is 1572356489 prime?
False
Is 814122623 a prime numb